). What is the greatest common factor of x and g?
13
Let k be ((-3)/2)/((-12)/(-416)). Let o be k/(-6)*15/10. Suppose 2*a - 180 = f, 5*a - 7*a - 4*f + 190 = 0. Calculate the highest common factor of a and o.
13
Suppose -79*a = -94*a + 450. What is the greatest common factor of a and 156?
6
Let c(j) = -j - 1 - 7*j + j - 4*j. Let o be c(-5). Suppose v - o = -s, v = 5*s + 4*v - 264. Calculate the highest common factor of s and 17.
17
Let p(l) = -l + 11. Let r be p(4). Let m = -35 + r. Let b = m - -93. Calculate the highest common factor of 13 and b.
13
Suppose 55 - 95 = -4*d - 4*j, 50 = 3*d - 2*j. Calculate the greatest common divisor of d and 238.
14
Suppose 2*r - 9*p - 348 = -8*p, 2*r + p = 356. Let d = -156 + r. What is the greatest common factor of 5 and d?
5
Let i be 58 + (-2 + 4 - -5). What is the highest common factor of i and 715?
65
Suppose 3*a - 5*a = -8. Suppose 4*d = -a + 136. What is the greatest common divisor of 11 and d?
11
Let s be 2 - (-2 - (3 - -18)). Let c(p) = -25*p. Let r be c(-1). Calculate the highest common factor of r and s.
25
Suppose -4*m = 4*f + m - 212, -80 = -2*f + 4*m. What is the highest common divisor of f and 48?
48
Let w be (-3 - -6 - -1) + 1. Suppose 3*t + 6 = w*t. Suppose o + 2*q - 10 = -2, -t*q + 19 = 5*o. What is the greatest common factor of 2 and o?
2
Let c = 26 + -17. Let g = c - 5. Let q = g + 1. Calculate the greatest common divisor of 5 and q.
5
Let u = -192 + 325. What is the greatest common divisor of u and 28?
7
Let t = 140 + -141. Let r be 14/(-56)*4/t. Calculate the greatest common factor of 11 and r.
1
Let m(i) = 5*i**3 - 5*i**2 + 2*i + 3. Let k be m(2). What is the highest common divisor of 72 and k?
9
Suppose c - 8 - 24 = -4*f, 44 = 3*c - f. Calculate the highest common factor of 28 and c.
4
Let j be (-3)/6*(0 - -16). Let y(v) = 2*v**2 + 15*v - 3. Let a be y(j). What is the highest common factor of a and 35?
5
Let b(y) be the third derivative of y**4/6 + 7*y**3/6 + 36*y**2. Let g be b(0). What is the highest common divisor of g and 28?
7
Let m be 65/7 + (-6)/21. Let u = 4 - m. Let n = u + 9. What is the highest common factor of n and 12?
4
Let k = 108 - 92. Calculate the greatest common factor of 92 and k.
4
Suppose -3*k + 2793 = 1110. Calculate the greatest common factor of k and 44.
11
Suppose -3*m = -774 - 258. Suppose 83 - m = -3*w. What is the greatest common factor of 29 and w?
29
Suppose 40 = 3*i + 2*i. Suppose -5*v - 15 = 0, 3*v - 81 - 54 = -3*j. Calculate the greatest common factor of j and i.
8
Suppose 14*q = -27 + 321. What is the greatest common factor of 273 and q?
21
Let u be -3*20/75*(-135)/6. Let n be 13/(52/72)*u/4. What is the greatest common factor of 54 and n?
27
Suppose 0*s = 5*s + 40. Let r(a) = -a**2 - 11*a - 9. Let m be r(s). Suppose 496 = 5*b - 329. What is the highest common divisor of b and m?
15
Suppose 0 = -5*q + t + 279, 12 = -5*t + 2*t. Calculate the highest common divisor of 33 and q.
11
Suppose 47*u - 12460 = -1744. Calculate the greatest common divisor of u and 12.
12
Let f = 437 - 423. Calculate the greatest common divisor of f and 112.
14
Let d = 636 - 585. What is the highest common divisor of d and 24?
3
Let x be 6/(-33) + ((-6384)/(-33))/8. What is the greatest common divisor of x and 384?
24
Let u(n) be the third derivative of 0*n + 5*n**2 + 1/2*n**4 + 0*n**3 + 0. Let p be u(1). What is the greatest common factor of 12 and p?
12
Suppose -25 = -5*j + 3*o, -3*j + 1 = 3*o + 10. Suppose -82 = -12*p + 182. Calculate the greatest common divisor of p and j.
2
Let o = -849 + 886. Calculate the greatest common divisor of 37 and o.
37
Let z(x) = -x**2 - 19*x - 36. Let m be z(-20). Let s = m - -120. What is the greatest common divisor of 16 and s?
16
Let p = 51 + -101. Let u be (-13)/((-195)/p + -4). What is the highest common divisor of 26 and u?
26
Let v = -35 - -115. Let t be 4 + (-5)/(25/(-180)). Calculate the highest common divisor of t and v.
40
Suppose 88*s = 90*s - 22. Suppose -s*i + 1361 = -124. Calculate the highest common factor of 15 and i.
15
Suppose -3*x + 2*u + 50 = 0, -108*u + 112*u - 54 = -5*x. Suppose 2*t = -t + 378. Calculate the greatest common factor of t and x.
14
Suppose -2*a + 118 = 4*l, -5*a + 6 = 2*l - 33. Let x = -20 + l. Suppose 5*p - 24 = 126. Calculate the highest common divisor of x and p.
6
Suppose 0 = -2*f + 4*y + 1272, -47*y + 49*y = -2*f + 1284. Calculate the highest common divisor of 100 and f.
20
Let x be (-4 - -3 - 0) + 4. Suppose -x*a = 22 - 106. Calculate the highest common factor of a and 14.
14
Let l be (3/2)/((-117)/(-53430)). Calculate the highest common factor of l and 5.
5
Suppose 2*p = -l, -31*p + 29*p - 2 = 0. Calculate the greatest common divisor of l and 218.
2
Suppose -46 = z - 16. Let j = z - -39. What is the highest common factor of 3 and j?
3
Suppose 4*q + q - 4*n = 137, -3*q + 2*n + 81 = 0. Let o be 6760/280 - 24/(-28). Calculate the greatest common divisor of q and o.
25
Let k(s) = -s + 1. Let h(p) = 2*p. Let g(j) = -3*h(j) - 4*k(j). Let x be g(-11). Calculate the highest common divisor of x and 27.
9
Let f be 0 + (3 + -1 - 0 - 13). Let z(w) = 12*w - 4*w**2 + 13 + 2*w**2 + 3*w**2. Let t be z(f). What is the highest common divisor of t and 16?
2
Suppose 6*o - 2*o = 84. Let w be 0 + -10 - (-39)/13. Let l(y) = -y**2 - 7*y + 7. Let b be l(w). Calculate the greatest common divisor of o and b.
7
Let c(f) = f**3 - 2*f**2 - 11*f + 4. Let i be c(5). What is the greatest common divisor of 288 and i?
24
Suppose 5 = 5*j, 5*v - 6 = j + 8. Let t(g) = -v*g - 68 + 77 + 2*g - 2*g**2. Let p be t(0). Calculate the greatest common factor of p and 72.
9
Suppose 1501 = 19*l - 1805. What is the highest common factor of l and 116?
58
Suppose 0 = 9*q - 7*q. Let b = 5 + q. What is the highest common factor of b and 25?
5
Suppose -2*g = -0*g - 10, g - 52 = -h. Suppose 22*f + 282 = 28*f. What is the highest common factor of h and f?
47
Let f = -125 - -170. What is the greatest common factor of 15 and f?
15
Let x(i) = 83*i**3 - i**2 + 2*i + 2. Let n be x(-1). Let c = n - -90. Calculate the greatest common divisor of 21 and c.
3
Let s(t) = 2*t**2 + 2*t - 2. Let u be s(1). Let f be (-42)/(-9)*(u/(-2) - -40). What is the highest common factor of 14 and f?
14
Suppose -2*k = -0*x + 5*x - 1473, -296 = -x + k. Calculate the greatest common factor of 59 and x.
59
Let p(r) = -2*r - 5. Let k be p(-5). Suppose k*j = j + 144. Let u = -15 + j. What is the highest common divisor of 14 and u?
7
Suppose 0 = 3*k + 2*b + 1310 - 3133, -2*k + 5*b = -1228. What is the highest common factor of 58 and k?
29
Let s be ((-325)/20)/(12/(-336)). What is the greatest common divisor of 315 and s?
35
Suppose 3*q - 53 = 2*q - 4*t, 0 = -4*t + 12. Calculate the highest common divisor of q and 205.
41
Suppose 4*p = 4*v - 20, -v = 5*p - 6 + 19. Suppose 4*a = v*o + 174, -4*a + 2*o = -2*a - 82. Calculate the highest common factor of a and 69.
23
Let f(g) = 3 - 5*g + g**2 - 11 - 3. Let r be f(8). Let b(y) = -y**2 - 30*y - 92. Let u be b(-24). Calculate the greatest common divisor of r and u.
13
Let w = 16 + -12. Suppose w = 5*x - 11. Suppose -q + x*q - 60 = 0. Calculate the greatest common factor of q and 10.
10
Let q be -4 + 6 - -4 - 1. Let d be q*(2 + 3/(-3)). Suppose k + d*y - 20 = 9, -5*k = y - 193. Calculate the highest common divisor of 13 and k.
13
Suppose 16*g - 9*g = 196. Calculate the greatest common factor of g and 112.
28
Let l be 5/15*6 - -21. Let k = l - 22. What is the highest common divisor of k and 3?
1
Let b(q) be the first derivative of -q**3/3 - 7*q**2 + 19*q - 16. Let w be b(-9). Let m = 10 - 2. Calculate the highest common factor of w and m.
8
Suppose 8 = 4*p, 4*i = p - 345 + 27. Let c be (-3)/(4 + (-2156)/536). Let k = c + i. What is the greatest common divisor of 5 and k?
5
Let s = 271 + -219. Calculate the greatest common factor of s and 156.
52
Suppose 7 = c - 4*g - g, 2*c = 5*g + 14. Suppose 2*s - 25 = c. What is the greatest common factor of 32 and s?
16
Let n(s) = 4*s + 29. Let r be n(-13). Let x = r + 52. Suppose -3*m + 5*j = 2*m - 35, -3*m - 5*j = -x. What is the greatest common factor of m and 8?
8
Let h = -163 + 201. Let l be 2*(-3)/(-2) + 1. Suppose 4*z = -4, i = l*z + z + 62. Calculate the greatest common divisor of i and h.
19
Suppose -